hat are the prime factors of 1530765?
3, 5, 17, 23, 29
List the prime factors of 943102.
2, 47, 79, 127
What are the prime factors of 591340?
2, 5, 29567
List the prime factors of 1425431.
7, 269, 757
List the prime factors of 13351618.
2, 7, 19463
What are the prime factors of 16448346?
2, 3, 101533
What are the prime factors of 1024207?
1024207
What are the prime factors of 694379?
7, 37, 383
List the prime factors of 2057370.
2, 3, 5, 7, 97, 101
List the prime factors of 1489175.
5, 59567
List the prime factors of 312286.
2, 13, 12011
What are the prime factors of 147978?
2, 3, 8221
List the prime factors of 443703.
3, 13, 31, 367
What are the prime factors of 36477?
3, 7, 193
What are the prime factors of 7054131?
3, 7, 97, 3463
List the prime factors of 11207597.
11207597
What are the prime factors of 701643?
3, 233881
List the prime factors of 137755.
5, 27551
What are the prime factors of 2379668?
2, 594917
What are the prime factors of 1146058?
2, 401, 1429
List the prime factors of 510.
2, 3, 5, 17
What are the prime factors of 6171813?
3, 59, 197
What are the prime factors of 430215?
3, 5, 23, 29, 43
What are the prime factors of 2106719?
89, 23671
What are the prime factors of 13271751?
3, 31, 47569
What are the prime factors of 82547?
23, 37, 97
List the prime factors of 295940.
2, 5, 14797
What are the prime factors of 208248?
2, 3, 8677
What are the prime factors of 5642607?
3, 1880869
What are the prime factors of 7051615?
5, 197, 7159
What are the prime factors of 495462?
2, 3, 11, 7507
What are the prime factors of 25863537?
3, 7, 1231597
List the prime factors of 2120975.
5, 43, 1973
What are the prime factors of 37525?
5, 19, 79
What are the prime factors of 15555755?
5, 3111151
List the prime factors of 1656485.
5, 31, 10687
List the prime factors of 1180842.
2, 3, 13, 15139
List the prime factors of 46992.
2, 3, 11, 89
List the prime factors of 3130427.
3130427
List the prime factors of 23909.
23909
List the prime factors of 28787134.
2, 14393567
What are the prime factors of 180353?
17, 103
List the prime factors of 300324.
2, 3, 29, 863
List the prime factors of 2098477.
79, 101, 263
What are the prime factors of 1317874?
2, 17, 83, 467
List the prime factors of 3388383.
3, 23, 16369
List the prime factors of 1247181.
3, 13, 113, 283
List the prime factors of 5177314.
2, 61, 42437
List the prime factors of 3246256.
2, 13, 15607
List the prime factors of 228311.
228311
List the prime factors of 1188604.
2, 297151
List the prime factors of 84902.
2, 42451
What are the prime factors of 5324630?
2, 5, 47, 11329
What are the prime factors of 458495?
5, 107, 857
List the prime factors of 248118.
2, 3, 13, 3181
List the prime factors of 441459.
3, 181, 271
What are the prime factors of 161148?
2, 3, 13, 1033
List the prime factors of 3603428.
2, 733, 1229
List the prime factors of 2374145.
5, 19, 67, 373
What are the prime factors of 7799599?
23, 113, 3001
List the prime factors of 10085795.
5, 41, 49199
List the prime factors of 617046.
2, 3, 102841
List the prime factors of 3708937.
139, 26683
What are the prime factors of 1367750?
2, 5, 5471
List the prime factors of 2989849.
2989849
List the prime factors of 156234.
2, 3, 13, 2003
List the prime factors of 1342172.
2, 13, 53, 487
What are the prime factors of 3760735?
5, 11, 101, 677
List the prime factors of 149569.
7, 23, 929
List the prime factors of 22478176.
2, 7, 23, 4363
List the prime factors of 147932.
2, 31, 1193
What are the prime factors of 1928208?
2, 3, 17, 139
What are the prime factors of 387345?
3, 5, 7, 17, 31
What are the prime factors of 451331?
451331
What are the prime factors of 13597799?
13597799
What are the prime factors of 1127205?
3, 5, 37, 677
What are the prime factors of 582211?
7, 31, 2683
List the prime factors of 1777071.
3, 592357
List the prime factors of 10023476.
2, 449, 5581
What are the prime factors of 101748?
2, 3, 61, 139
List the prime factors of 1654020.
2, 3, 5, 1021
What are the prime factors of 882304?
2, 61, 113
List the prime factors of 1154679.
3, 43, 8951
What are the prime factors of 137903?
239, 577
What are the prime factors of 1122456?
2, 3, 46769
List the prime factors of 5135799.
3, 191, 8963
List the prime factors of 232177.
11, 21107
List the prime factors of 9116914.
2, 31, 147047
What are the prime factors of 1853090?
2, 5, 185309
List the prime factors of 906700.
2, 5, 9067
List the prime factors of 482591.
37, 13043
List the prime factors of 3024152.
2, 378019
List the prime factors of 150969.
3, 7, 13, 79
What are the prime factors of 579531?
3, 23, 37, 227
List the prime factors of 304169.
304169
What are the prime factors of 832410?
2, 3, 5, 3083
List the prime factors of 2142750.
2, 3, 5, 2857
List the prime factors of 1671509.
7, 89, 2683
What are the prime factors of 438386?
2, 13, 1297
List the prime factors of 1693781.
83, 20407
List the prime factors of 573767.
17, 33751
List the prime factors of 28845856.
2, 13, 69341
What are the prime factors of 1525988?
2, 17, 22441
List the prime factors of 2264382.
2, 3, 19, 2207
What are the prime factors of 375547?
17, 22091
List the prime factors of 2696861.
2696861
List the prime factors of 432498.
2, 3, 11, 6553
List the prime factors of 2961844.
2, 740461
List the prime factors of 229169.
101, 2269
List the prime factors of 1956045.
3, 5, 7, 13, 1433
List the prime factors of 590475.
3, 5, 7873
What are the prime factors of 133832?
2, 16729
What are the prime factors of 5444499?
3, 31, 58543
What are the prime factors of 8963792?
2, 560237
List the prime factors of 5022072.
2, 3, 11, 17, 373
What are the prime factors of 27174073?
29, 31, 167, 181
List the prime factors of 8264282.
2, 13, 317857
What are the prime factors of 1868058?
2, 3, 59, 1759
List the prime factors of 8630967.
3, 379, 7591
List the prime factors of 4337323.
1531, 2833
What are the prime factors of 18056223?
3, 71, 9419
List the prime factors of 2382981.
3, 794327
What are the prime factors of 4742770?
2, 5, 47, 10091
List the prime factors of 8891806.
2, 7, 11, 29, 181
What are the prime factors of 386399?
13, 29723
What are the prime factors of 46960?
2, 5, 587
What are the prime factors of 1801300?
2, 5, 18013
What are the prime factors of 4165122?
2, 3, 13, 67, 797
List the prime factors of 2685240.
2, 3, 5, 7459
What are the prime factors of 11829467?
13, 17, 53527
What are the prime factors of 774786?
2, 3, 139, 929
List the prime factors of 461390.
2, 5, 29, 37, 43
What are the prime factors of 1393344?
2, 3, 41, 59
What are the prime factors of 12686207?
12686207
List the prime factors of 4257366.
2, 3, 709561
What are the prime factors of 5559829?
11, 45949
What are the prime factors of 12827806?
2, 6413903
What are the prime factors of 232900?
2, 5, 17, 137
What are the prime factors of 884054?
2, 442027
List the prime factors of 286441.
97, 2953
List the prime factors of 1218782.
2, 609391
What are the prime factors of 4330658?
2, 1231, 1759
What are the prime factors of 27858?
2, 3, 4643
List the prime factors of 701510.
2, 5, 29, 41, 59
What are the prime factors of 1912389?
3, 637463
List the prime factors of 762229.
13, 17, 3449
List the prime factors of 998567.
73, 13679
What are the prime factors of 192292?
2, 48073
What are the prime factors of 14624591?
31, 283, 1667
List the prime factors of 4157739.
3, 461971
List the prime factors of 3809344.
2, 7, 11, 773
List the prime factors of 3311007.
3, 7, 157667
List the prime factors of 1987117.
11, 180647
What are the prime factors of 25293522?
2, 3, 19, 221873
List the prime factors of 14391404.
2, 1061, 3391
List the prime factors of 4539698.
2, 2269849
List the prime factors of 4734258.
2, 3, 31, 25453
What are the prime factors of 1592618?
2, 19, 41911
What are the prime factors of 263612?
2, 59, 1117
List the prime factors of 177634.
2, 88817
List the prime factors of 243076.
2, 67, 907
List the prime factors of 694745.
5, 41, 3389
What are the prime factors of 119955?
3, 5, 11, 727
What are the prime factors of 2356777?
499, 4723
List the prime factors of 3517228.
2, 11, 13, 43
What are the prime factors of 350571?
3, 13, 89, 101
List the prime factors of 13869073.
13869073
What are the prime factors of 103274